{"id":684,"date":"2017-11-15T01:57:54","date_gmt":"2017-11-14T23:57:54","guid":{"rendered":"https:\/\/kobietynauki.org\/szablon-copy\/"},"modified":"2020-08-02T11:26:56","modified_gmt":"2020-08-02T09:26:56","slug":"innowacja-jest-kobieta-ii-edycja","status":"publish","type":"page","link":"https:\/\/kobietynauki.org\/index.php\/konkursy\/innowacja-jest-kobieta-ii-edycja\/","title":{"rendered":"Innowacja jest kobiet\u0105 II edycja"},"content":{"rendered":"<!--themify_builder_content-->\n<div id=\"themify_builder_content-684\" data-postid=\"684\" class=\"themify_builder_content themify_builder_content-684 themify_builder tf_clear\">\n                    <div  data-lazy=\"1\" class=\"module_row themify_builder_row tb_kaw5500 tb_first tf_w\">\n                        <div class=\"row_inner col_align_top tb_col_count_1 tf_box tf_rel\">\n                        <div  data-lazy=\"1\" class=\"module_column tb-column col-full tb_9qbz063 first\">\n                    <!-- module text -->\n<div  class=\"module module-text tb_i4oi665  repeat \" data-lazy=\"1\">\n        <div  class=\"tb_text_wrap\">\n        <h2 style=\"text-align: center;\">Polska Sie\u0107 Kobiet Nauki<\/h2>    <\/div>\n<\/div>\n<!-- \/module text -->        <\/div>\n                        <\/div>\n        <\/div>\n                        <div  data-lazy=\"1\" class=\"module_row themify_builder_row tb_pyjw600 tf_w\">\n                        <div class=\"row_inner col_align_top tb_col_count_1 tf_box tf_rel\">\n                        <div  data-lazy=\"1\" class=\"module_column tb-column col-full tb_f1w7696 first\">\n                    <!-- module menu -->\n<div  class=\"module module-menu tb_mbkf070  mobile-menu-slide\" data-menu-style=\"mobile-menu-slide\" data-menu-breakpoint=\"0\" data-element-id=\"tb_mbkf070\" data-lazy=\"1\">\n        \n    <div class=\"module-menu-container\"><ul id=\"menu-main\" class=\"ui tf_clearfix nav tf_rel tf_scrollbar menu-bar tb_default_color gradient\"><li id=\"menu-item-44\" class=\"menu-item-page-2 menu-item menu-item-type-post_type menu-item-object-page menu-item-home menu-item-44\"><a href=\"https:\/\/kobietynauki.org\/\">Polska Sie\u0107 Kobiet Nauki<\/a><\/li>\n<li id=\"menu-item-377\" class=\"menu-item-page-370 menu-item menu-item-type-post_type menu-item-object-page menu-item-377\"><a href=\"https:\/\/kobietynauki.org\/index.php\/patronaty\/\">Patronaty<\/a><\/li>\n<li id=\"menu-item-397\" class=\"menu-item-page-387 menu-item menu-item-type-post_type menu-item-object-page menu-item-has-children menu-item-397\"><a href=\"https:\/\/kobietynauki.org\/index.php\/konkursy\/\">Konkursy<span class=\"child-arrow closed\" tabindex=\"-1\"><\/span><\/a>\n<ul class=\"sub-menu\">\n\t<li id=\"menu-item-1175\" class=\"menu-item-post-1156 menu-item menu-item-type-post_type menu-item-object-post menu-item-1175 menu-post-1156-parent-397\"><a href=\"https:\/\/kobietynauki.org\/index.php\/2019\/08\/letnia-edycja-konkursu-innowacja-jest-kobieta-xi-edycja\/\">Innowacja jest kobiet\u0105 XI edycja<\/a><\/li>\n\t<li id=\"menu-item-1153\" class=\"menu-item-post-1147 menu-item menu-item-type-post_type menu-item-object-post menu-item-1153 menu-post-1147-parent-397\"><a href=\"https:\/\/kobietynauki.org\/index.php\/2019\/02\/wyniki-x-edycji-konkursu-innowacja-jest-kobieta\/\">Innowacja jest kobiet\u0105 X edycja<\/a><\/li>\n\t<li id=\"menu-item-1100\" class=\"menu-item-page-1093 menu-item menu-item-type-post_type menu-item-object-page menu-item-1100 menu-page-1093-parent-397\"><a href=\"https:\/\/kobietynauki.org\/index.php\/konkursy\/innowacja-jest-kobieta-ix-edycja\/\">Innowacja jest kobiet\u0105 IX edycja<\/a><\/li>\n\t<li id=\"menu-item-1053\" class=\"menu-item-page-1047 menu-item menu-item-type-post_type menu-item-object-page menu-item-1053 menu-page-1047-parent-397\"><a href=\"https:\/\/kobietynauki.org\/index.php\/konkursy\/innowacja-jest-kobieta-viii-edycja\/\">Innowacja jest kobiet\u0105 VIII edycja<\/a><\/li>\n\t<li id=\"menu-item-903\" class=\"menu-item-page-899 menu-item menu-item-type-post_type menu-item-object-page menu-item-903 menu-page-899-parent-397\"><a href=\"https:\/\/kobietynauki.org\/index.php\/konkursy\/innowacja-jest-kobieta-vii-edycja\/\">Innowacja jest kobiet\u0105 VII edycja<\/a><\/li>\n\t<li id=\"menu-item-591\" class=\"menu-item-page-585 menu-item menu-item-type-post_type menu-item-object-page menu-item-591 menu-page-585-parent-397\"><a href=\"https:\/\/kobietynauki.org\/index.php\/konkursy\/innowacja-jest-kobieta-vi-edycja\/\">Innowacja jest kobiet\u0105 VI edycja<\/a><\/li>\n\t<li id=\"menu-item-613\" class=\"menu-item-page-605 menu-item menu-item-type-post_type menu-item-object-page menu-item-613 menu-page-605-parent-397\"><a href=\"https:\/\/kobietynauki.org\/index.php\/konkursy\/innowacja-jest-kobieta-v-edycja\/\">Innowacja jest kobiet\u0105 V edycja<\/a><\/li>\n\t<li id=\"menu-item-638\" class=\"menu-item-page-628 menu-item menu-item-type-post_type menu-item-object-page menu-item-638 menu-page-628-parent-397\"><a href=\"https:\/\/kobietynauki.org\/index.php\/konkursy\/innowacja-jest-kobieta-iv-edycja\/\">Innowacja jest kobiet\u0105 IV edycja<\/a><\/li>\n\t<li id=\"menu-item-679\" class=\"menu-item-page-671 menu-item menu-item-type-post_type menu-item-object-page menu-item-679 menu-page-671-parent-397\"><a href=\"https:\/\/kobietynauki.org\/index.php\/konkursy\/innowacja-jest-kobieta-iii-edycja\/\">Innowacja jest kobiet\u0105 III edycja<\/a><\/li>\n\t<li id=\"menu-item-691\" class=\"menu-item-page-684 menu-item menu-item-type-post_type menu-item-object-page menu-item-691 menu-page-684-parent-397\"><a href=\"https:\/\/kobietynauki.org\/index.php\/konkursy\/innowacja-jest-kobieta-ii-edycja\/\">Innowacja jest kobiet\u0105 II edycja<\/a><\/li>\n\t<li id=\"menu-item-709\" class=\"menu-item-page-699 menu-item menu-item-type-post_type menu-item-object-page menu-item-709 menu-page-699-parent-397\"><a href=\"https:\/\/kobietynauki.org\/index.php\/konkursy\/innowacja-jest-kobieta-i-edycja\/\">Innowacja jest kobiet\u0105 I edycja<\/a><\/li>\n<\/ul>\n<\/li>\n<li id=\"menu-item-419\" class=\"menu-item-page-409 menu-item menu-item-type-post_type menu-item-object-page menu-item-419\"><a href=\"https:\/\/kobietynauki.org\/index.php\/nasi-partnerzy\/\">Nasi Partnerzy<\/a><\/li>\n<li id=\"menu-item-430\" class=\"menu-item-page-421 menu-item menu-item-type-post_type menu-item-object-page menu-item-430\"><a href=\"https:\/\/kobietynauki.org\/index.php\/czytelnia\/\">Czytelnia<\/a><\/li>\n<li id=\"menu-item-470\" class=\"menu-item-page-455 menu-item menu-item-type-post_type menu-item-object-page menu-item-470\"><a href=\"https:\/\/kobietynauki.org\/index.php\/kobiety-ekspertki\/\">Kobiety-Ekspertki<\/a><\/li>\n<li id=\"menu-item-481\" class=\"menu-item-page-472 menu-item menu-item-type-post_type menu-item-object-page menu-item-has-children menu-item-481\"><a href=\"https:\/\/kobietynauki.org\/index.php\/o-nas\/\">O nas<span class=\"child-arrow closed\" tabindex=\"-1\"><\/span><\/a>\n<ul class=\"sub-menu\">\n\t<li id=\"menu-item-494\" class=\"menu-item-page-483 menu-item menu-item-type-post_type menu-item-object-page menu-item-494 menu-page-483-parent-481\"><a href=\"https:\/\/kobietynauki.org\/index.php\/o-nas\/fundacja\/\">Fundacja<\/a><\/li>\n\t<li id=\"menu-item-511\" class=\"menu-item-page-498 menu-item menu-item-type-post_type menu-item-object-page menu-item-511 menu-page-498-parent-481\"><a href=\"https:\/\/kobietynauki.org\/index.php\/o-nas\/kim-jestesmy\/\">Kim jeste\u015bmy<\/a><\/li>\n\t<li id=\"menu-item-527\" class=\"menu-item-page-521 menu-item menu-item-type-post_type menu-item-object-page menu-item-527 menu-page-521-parent-481\"><a href=\"https:\/\/kobietynauki.org\/index.php\/o-nas\/wspieraja-nas\/\">Wspieraj\u0105 nas<\/a><\/li>\n\t<li id=\"menu-item-1012\" class=\"menu-item-page-1007 menu-item menu-item-type-post_type menu-item-object-page menu-item-1012 menu-page-1007-parent-481\"><a href=\"https:\/\/kobietynauki.org\/index.php\/o-nas\/polityka-prywatnosci\/\">Polityka prywatno\u015bci<\/a><\/li>\n\t<li id=\"menu-item-551\" class=\"menu-item-page-533 menu-item menu-item-type-post_type menu-item-object-page menu-item-551 menu-page-533-parent-481\"><a href=\"https:\/\/kobietynauki.org\/index.php\/o-nas\/kontakt\/\">Kontakt<\/a><\/li>\n<\/ul>\n<\/li>\n<\/ul><\/div>        <style>\n            .mobile-menu-module[data-module=\"tb_mbkf070\"]{\n                right:-300px            }\n        <\/style>\n    <\/div>\n<!-- \/module menu -->\n        <\/div>\n                        <\/div>\n        <\/div>\n                        <div  data-lazy=\"1\" class=\"module_row themify_builder_row tb_mebt101 tf_w\">\n                        <div class=\"row_inner col_align_top tb_col_count_1 tf_box tf_rel\">\n                        <div  data-lazy=\"1\" class=\"module_column tb-column col-full tb_hd5g000 first\">\n                    <!-- module text -->\n<div  class=\"module module-text tb_5ppg006  repeat \" data-lazy=\"1\">\n        <div  class=\"tb_text_wrap\">\n        <h1 id=\"sites-page-title-header\" align=\"left\"><span id=\"sites-page-title\" dir=\"ltr\" tabindex=\"-1\">Innowacja jest kobiet\u0105 II edycja<\/span><\/h1>\n<p><a href=\"http:\/\/www.kobietynauki.org\/in-the-news\/laureatkikonkursuinnowacjajestkobietanagrodzonemedalaminajubileuszowychtargachwnorymberdze\" target=\"_blank\" rel=\"noopener\">Laureatki konkursu &#8222;Innowacja jest kobiet\u0105&#8221; nagrodzone medalami na jubileuszowych targach w Norymberdze<\/a><\/p>\n<p>Zapraszamy do lektury <a href=\"http:\/\/biotechnologia.pl\/biotechnologia\/aktualnosci\/juz-wkrotce-nowy-lek-przeciw-bolowi-neuropatycznemu-i-padaczce-rozmowa-z-dr-anna-waszkielewicz-z-wydzialu-farmaceutycznego-collegium-medicum-uj,13204\">wywiadu<\/a> z laureatk\u0105 konkursu, dr Ann\u0105 Waszkielewicz<\/p>\n<p><b>Znamy ju\u017c wyniki drugiej edycji konkursu \u201eInnowacja jest Kobiet\u0105\u201d. Decyzja nie by\u0142a \u0142atwa i nie zosta\u0142a podj\u0119ta jednomy\u015blnie\u00a0<\/b><b>J, co \u015bwiadczy o wysokim poziomie nades\u0142anych projekt\u00f3w.<\/b><\/p>\n<p><b><span style=\"color: #000000;\">Pierwsze miejsce \u00a0zdoby\u0142 wynalazek dr Anny Waszkielewicz<\/span><\/b>\u00a0z Collegium Medicum UJ &#8211;\u00a0<i>Lek przeciw b\u00f3lowi neuropatycznemu i\/lub padaczce<\/i>. Nagrod\u0105 jest promocja wynalazku podczas 65. Mi\u0119dzynarodowych Targ\u00f3w \u201ePomys\u0142y, Wynalazki, Nowe Produkty iENA 2013&#8243; w Norymberdze, 31.10-3.11.2013 r.<\/p>\n<p><b>Drugie miejsce zdoby\u0142 projekt dr Dominiki Ole\u015b<\/b>\u00a0z Politechniki Wroc\u0142awskiej &#8211;\u00a0<i>Metoda syntezy i badanie w\u0142a\u015bciwo\u015bci fotokatalitycznych katalizator\u00f3w na bazie nanoczastek TiO2<\/i>.\u00a0 Nagrod\u0105 jest promocja innowacyjnego rozwi\u0105zania podczas IX. Mi\u0119dzynarodowego Salonu Wynalazk\u00f3w i Nowych Technologii &#8211; Nowy Czas w Sewastopolu, 26-28.09.2013 r.<\/p>\n<p><b>Trzecie miejsce zdoby\u0142 wynalazek dr Joanny Ortyl\u00a0<\/b>z Politechniki Krakowskiej \u2013\u00a0<i>Innowacyjne fotoinicjatory jodoniowe do polimeryzacji kationowej monomer\u00f3w<\/i>. Nagrod\u0105 jest promocja wynalazku na 11. Mi\u0119dzynarodowej Wystawie Wynalazk\u00f3w Nowych Pomys\u0142\u00f3w i Technologii ARCA w Zagrzebiu , 2\u2013 5.10. 2013 r.<\/p>\n<p>Niezale\u017cenie od werdyktu jury, Zarz\u0105d Fundacji postanowi\u0142 wyr\u00f3\u017cni\u0107 dwie naukowczynie:<\/p>\n<p>&#8211; dyplomem uznania\u00a0<b>Joann\u0119 Jurek<\/b>, licealistk\u0119 z Piotrkowa Trybunalskiego, za niezwyk\u0142y, jak na ten wiek, dorobek oraz zaanga\u017cowanie w badania. Pani Joanna w konkursie zaprezentowa\u0142a projekt nt.\u00a0<i>Wykorzystanie spo\u017cywczego potencja\u0142u kwasu octowego 2% i kwasu mlekowego 3% w ochronie ro\u015blin jadalnych podczas hodowli<\/i>. Fundacja planuje zapewni\u0107 m\u0142odej badaczce miejsce w\u015br\u00f3d polskich wynalazczy\u0144 i wynalazc\u00f3w na przysz\u0142orocznej wystawie Archimedes;<\/p>\n<p>&#8211; dyplomem uznania dr\u00a0<b>Monik\u0119 Brzychczy-W\u0142och<\/b>\u00a0z Collegium Medicum UJ, prowadz\u0105cej badania z zakresu mikrobiologii klinicznej, za wynalazek, kt\u00f3rego przedmiotem jest test diagnostyczny umo\u017cliwiaj\u0105cy potwierdzenie zaka\u017ce\u0144 Streptococcus agalactiae (ang. Group B streptococcus, GBS) u kobiet w ci\u0105\u017cy, kt\u00f3ry wykorzystuje specyficzn\u0105 reakcj\u0119 bia\u0142ek wysoce immunoreaktywnych otrzymanych z izolat\u00f3w klinicznych S. agalactiae z przeciwcia\u0142ami obecnymi w surowicy pacjentek.<\/p>\n<p><b>Druga edycja konkursu<\/b>\u00a0przynios\u0142a nam kilka refleksji, kt\u00f3re mamy zamiar przeku\u0107 na dzia\u0142ania:\u00a0przede wszystkim b\u0119dziemy si\u0119 stara\u0107 o dofinansowanie i pozyskanie sponsor\u00f3w na konkursy dla pocz\u0105tkuj\u0105cych badaczek, b\u0119d\u0105cych u progu kariery \u2013 licealistek, a nawet m\u0142odszych oraz dla innowatorek, kt\u00f3re przekroczy\u0142y granic\u0119 wieku przewidzian\u0105 przez ministerialne wytyczne dla \u201em\u0142odych naukowczy\u0144\/naukowc\u00f3w\u201d.\u00a0Chcemy r\u00f3wnie\u017c zorganizowa\u0107 konkursy na innowacje spo\u0142eczne, gdy\u017c sp\u0142yn\u0119\u0142y do nas interesuj\u0105ce projekty, kt\u00f3re jednak nie wpisywa\u0142y si\u0119 w obowi\u0105zuj\u0105c\u0105 w konkursie \u201eInnowacja jest Kobiet\u0105\u201d formu\u0142\u0119.\u00a0<\/p>\n<p>Inni o konkursie i wynikach:<\/p>\n<p><a href=\"http:\/\/naukawpolsce.pap.pl\/aktualnosci\/news,396643,polski-lek-przeciw-bolowi-neuropatycznemu-juz-niedlugo.html\" target=\"_blank\" rel=\"noopener\">Polski lek przeciw b\u00f3lowi neuropatycznemu ju\u017c nied\u0142ugo<\/a>\u00a0by PAP<\/p>\n<p><a href=\"http:\/\/www.cittru.uj.edu.pl\/aktualnosci\/wiadomosci\/-\/journal_content\/56_INSTANCE_DwN3\/1587933\/23754882\" target=\"_blank\" rel=\"noopener\">&#8222;Innowacja jest kobiet\u0105&#8221;&#8230;.. z UJ<\/a>\u00a0by CITTRU<\/p>\n<p><a href=\"http:\/\/www.uj.edu.pl\/uniwersytet\/aktualnosci\/wiadomosci\/-\/journal_content\/56_INSTANCE_w0BB\/10172\/23966163\" target=\"_blank\" rel=\"noopener\">Wiadomo\u015bci Uniwersytetu Jagiello\u0144skiego<\/a>\u00a0by UJ<\/p>\n<p><a href=\"http:\/\/naukawpolsce.pap.pl\/aktualnosci\/news,396286,zdolne-badaczki-nagrodzone-w-konkursie-innowacja-jest-kobieta.html\" target=\"_blank\" rel=\"noopener\">Zdolne badaczki nagrodzone w konkursie &#8222;Innowacja jestkobiet\u0105&#8221;<\/a>\u00a0by PAP<\/p>\n<p>\u00a0<\/p>    <\/div>\n<\/div>\n<!-- \/module text -->        <\/div>\n                        <\/div>\n        <\/div>\n        <\/div>\n<!--\/themify_builder_content-->","protected":false},"excerpt":{"rendered":"<p>Polska Sie\u0107 Kobiet Nauki Polska Sie\u0107 Kobiet Nauki Patronaty Konkursy Innowacja jest kobiet\u0105 XI edycja Innowacja jest kobiet\u0105 X edycja Innowacja jest kobiet\u0105 IX edycja Innowacja jest kobiet\u0105 VIII edycja Innowacja jest kobiet\u0105 VII edycja Innowacja jest kobiet\u0105 VI edycja Innowacja jest kobiet\u0105 V edycja Innowacja jest kobiet\u0105 IV edycja Innowacja jest kobiet\u0105 III edycja [&hellip;]<\/p>\n","protected":false},"author":1,"featured_media":0,"parent":387,"menu_order":0,"comment_status":"closed","ping_status":"closed","template":"","meta":{"footnotes":""},"class_list":["post-684","page","type-page","status-publish","hentry","has-post-title","has-post-date","has-post-category","has-post-tag","has-post-comment","has-post-author",""],"builder_content":"<h2 style=\"text-align: center;\">Polska Sie\u0107 Kobiet Nauki<\/h2>\n<ul id=\"menu-main\"><li id=\"menu-item-44\"><a href=\"https:\/\/kobietynauki.org\/\">Polska Sie\u0107 Kobiet Nauki<\/a><\/li> <li id=\"menu-item-377\"><a href=\"https:\/\/kobietynauki.org\/index.php\/patronaty\/\">Patronaty<\/a><\/li> <li id=\"menu-item-397\"><a href=\"https:\/\/kobietynauki.org\/index.php\/konkursy\/\">Konkursy<\/a> <ul> <li id=\"menu-item-1175\"><a href=\"https:\/\/kobietynauki.org\/index.php\/2019\/08\/letnia-edycja-konkursu-innowacja-jest-kobieta-xi-edycja\/\">Innowacja jest kobiet\u0105 XI edycja<\/a><\/li> <li id=\"menu-item-1153\"><a href=\"https:\/\/kobietynauki.org\/index.php\/2019\/02\/wyniki-x-edycji-konkursu-innowacja-jest-kobieta\/\">Innowacja jest kobiet\u0105 X edycja<\/a><\/li> <li id=\"menu-item-1100\"><a href=\"https:\/\/kobietynauki.org\/index.php\/konkursy\/innowacja-jest-kobieta-ix-edycja\/\">Innowacja jest kobiet\u0105 IX edycja<\/a><\/li> <li id=\"menu-item-1053\"><a href=\"https:\/\/kobietynauki.org\/index.php\/konkursy\/innowacja-jest-kobieta-viii-edycja\/\">Innowacja jest kobiet\u0105 VIII edycja<\/a><\/li> <li id=\"menu-item-903\"><a href=\"https:\/\/kobietynauki.org\/index.php\/konkursy\/innowacja-jest-kobieta-vii-edycja\/\">Innowacja jest kobiet\u0105 VII edycja<\/a><\/li> <li id=\"menu-item-591\"><a href=\"https:\/\/kobietynauki.org\/index.php\/konkursy\/innowacja-jest-kobieta-vi-edycja\/\">Innowacja jest kobiet\u0105 VI edycja<\/a><\/li> <li id=\"menu-item-613\"><a href=\"https:\/\/kobietynauki.org\/index.php\/konkursy\/innowacja-jest-kobieta-v-edycja\/\">Innowacja jest kobiet\u0105 V edycja<\/a><\/li> <li id=\"menu-item-638\"><a href=\"https:\/\/kobietynauki.org\/index.php\/konkursy\/innowacja-jest-kobieta-iv-edycja\/\">Innowacja jest kobiet\u0105 IV edycja<\/a><\/li> <li id=\"menu-item-679\"><a href=\"https:\/\/kobietynauki.org\/index.php\/konkursy\/innowacja-jest-kobieta-iii-edycja\/\">Innowacja jest kobiet\u0105 III edycja<\/a><\/li> <li id=\"menu-item-691\"><a href=\"https:\/\/kobietynauki.org\/index.php\/konkursy\/innowacja-jest-kobieta-ii-edycja\/\">Innowacja jest kobiet\u0105 II edycja<\/a><\/li> <li id=\"menu-item-709\"><a href=\"https:\/\/kobietynauki.org\/index.php\/konkursy\/innowacja-jest-kobieta-i-edycja\/\">Innowacja jest kobiet\u0105 I edycja<\/a><\/li> <\/ul> <\/li> <li id=\"menu-item-419\"><a href=\"https:\/\/kobietynauki.org\/index.php\/nasi-partnerzy\/\">Nasi Partnerzy<\/a><\/li> <li id=\"menu-item-430\"><a href=\"https:\/\/kobietynauki.org\/index.php\/czytelnia\/\">Czytelnia<\/a><\/li> <li id=\"menu-item-470\"><a href=\"https:\/\/kobietynauki.org\/index.php\/kobiety-ekspertki\/\">Kobiety-Ekspertki<\/a><\/li> <li id=\"menu-item-481\"><a href=\"https:\/\/kobietynauki.org\/index.php\/o-nas\/\">O nas<\/a> <ul> <li id=\"menu-item-494\"><a href=\"https:\/\/kobietynauki.org\/index.php\/o-nas\/fundacja\/\">Fundacja<\/a><\/li> <li id=\"menu-item-511\"><a href=\"https:\/\/kobietynauki.org\/index.php\/o-nas\/kim-jestesmy\/\">Kim jeste\u015bmy<\/a><\/li> <li id=\"menu-item-527\"><a href=\"https:\/\/kobietynauki.org\/index.php\/o-nas\/wspieraja-nas\/\">Wspieraj\u0105 nas<\/a><\/li> <li id=\"menu-item-1012\"><a href=\"https:\/\/kobietynauki.org\/index.php\/o-nas\/polityka-prywatnosci\/\">Polityka prywatno\u015bci<\/a><\/li> <li id=\"menu-item-551\"><a href=\"https:\/\/kobietynauki.org\/index.php\/o-nas\/kontakt\/\">Kontakt<\/a><\/li> <\/ul> <\/li> <\/ul>\n<h1 id=\"sites-page-title-header\" align=\"left\">Innowacja jest kobiet\u0105 II edycja<\/h1> <p><a href=\"http:\/\/www.kobietynauki.org\/in-the-news\/laureatkikonkursuinnowacjajestkobietanagrodzonemedalaminajubileuszowychtargachwnorymberdze\" target=\"_blank\" rel=\"noopener\">Laureatki konkursu \"Innowacja jest kobiet\u0105\" nagrodzone medalami na jubileuszowych targach w Norymberdze<\/a><\/p> <p>Zapraszamy do lektury <a href=\"http:\/\/biotechnologia.pl\/biotechnologia\/aktualnosci\/juz-wkrotce-nowy-lek-przeciw-bolowi-neuropatycznemu-i-padaczce-rozmowa-z-dr-anna-waszkielewicz-z-wydzialu-farmaceutycznego-collegium-medicum-uj,13204\">wywiadu<\/a> z laureatk\u0105 konkursu, dr Ann\u0105 Waszkielewicz<\/p> <p><b>Znamy ju\u017c wyniki drugiej edycji konkursu \u201eInnowacja jest Kobiet\u0105\u201d. Decyzja nie by\u0142a \u0142atwa i nie zosta\u0142a podj\u0119ta jednomy\u015blnie\u00a0<\/b><b>J, co \u015bwiadczy o wysokim poziomie nades\u0142anych projekt\u00f3w.<\/b><\/p> <p><b>Pierwsze miejsce \u00a0zdoby\u0142 wynalazek dr Anny Waszkielewicz<\/b>\u00a0z Collegium Medicum UJ -\u00a0<i>Lek przeciw b\u00f3lowi neuropatycznemu i\/lub padaczce<\/i>. Nagrod\u0105 jest promocja wynalazku podczas 65. Mi\u0119dzynarodowych Targ\u00f3w \u201ePomys\u0142y, Wynalazki, Nowe Produkty iENA 2013\" w Norymberdze, 31.10-3.11.2013 r.<\/p> <p><b>Drugie miejsce zdoby\u0142 projekt dr Dominiki Ole\u015b<\/b>\u00a0z Politechniki Wroc\u0142awskiej -\u00a0<i>Metoda syntezy i badanie w\u0142a\u015bciwo\u015bci fotokatalitycznych katalizator\u00f3w na bazie nanoczastek TiO2<\/i>.\u00a0 Nagrod\u0105 jest promocja innowacyjnego rozwi\u0105zania podczas IX. Mi\u0119dzynarodowego Salonu Wynalazk\u00f3w i Nowych Technologii - Nowy Czas w Sewastopolu, 26-28.09.2013 r.<\/p> <p><b>Trzecie miejsce zdoby\u0142 wynalazek dr Joanny Ortyl\u00a0<\/b>z Politechniki Krakowskiej \u2013\u00a0<i>Innowacyjne fotoinicjatory jodoniowe do polimeryzacji kationowej monomer\u00f3w<\/i>. Nagrod\u0105 jest promocja wynalazku na 11. Mi\u0119dzynarodowej Wystawie Wynalazk\u00f3w Nowych Pomys\u0142\u00f3w i Technologii ARCA w Zagrzebiu , 2\u2013 5.10. 2013 r.<\/p> <p>Niezale\u017cenie od werdyktu jury, Zarz\u0105d Fundacji postanowi\u0142 wyr\u00f3\u017cni\u0107 dwie naukowczynie:<\/p> <p>- dyplomem uznania\u00a0<b>Joann\u0119 Jurek<\/b>, licealistk\u0119 z Piotrkowa Trybunalskiego, za niezwyk\u0142y, jak na ten wiek, dorobek oraz zaanga\u017cowanie w badania. Pani Joanna w konkursie zaprezentowa\u0142a projekt nt.\u00a0<i>Wykorzystanie spo\u017cywczego potencja\u0142u kwasu octowego 2% i kwasu mlekowego 3% w ochronie ro\u015blin jadalnych podczas hodowli<\/i>. Fundacja planuje zapewni\u0107 m\u0142odej badaczce miejsce w\u015br\u00f3d polskich wynalazczy\u0144 i wynalazc\u00f3w na przysz\u0142orocznej wystawie Archimedes;<\/p> <p>- dyplomem uznania dr\u00a0<b>Monik\u0119 Brzychczy-W\u0142och<\/b>\u00a0z Collegium Medicum UJ, prowadz\u0105cej badania z zakresu mikrobiologii klinicznej, za wynalazek, kt\u00f3rego przedmiotem jest test diagnostyczny umo\u017cliwiaj\u0105cy potwierdzenie zaka\u017ce\u0144 Streptococcus agalactiae (ang. Group B streptococcus, GBS) u kobiet w ci\u0105\u017cy, kt\u00f3ry wykorzystuje specyficzn\u0105 reakcj\u0119 bia\u0142ek wysoce immunoreaktywnych otrzymanych z izolat\u00f3w klinicznych S. agalactiae z przeciwcia\u0142ami obecnymi w surowicy pacjentek.<\/p> <p><b>Druga edycja konkursu<\/b>\u00a0przynios\u0142a nam kilka refleksji, kt\u00f3re mamy zamiar przeku\u0107 na dzia\u0142ania:\u00a0przede wszystkim b\u0119dziemy si\u0119 stara\u0107 o dofinansowanie i pozyskanie sponsor\u00f3w na konkursy dla pocz\u0105tkuj\u0105cych badaczek, b\u0119d\u0105cych u progu kariery \u2013 licealistek, a nawet m\u0142odszych oraz dla innowatorek, kt\u00f3re przekroczy\u0142y granic\u0119 wieku przewidzian\u0105 przez ministerialne wytyczne dla \u201em\u0142odych naukowczy\u0144\/naukowc\u00f3w\u201d.\u00a0Chcemy r\u00f3wnie\u017c zorganizowa\u0107 konkursy na innowacje spo\u0142eczne, gdy\u017c sp\u0142yn\u0119\u0142y do nas interesuj\u0105ce projekty, kt\u00f3re jednak nie wpisywa\u0142y si\u0119 w obowi\u0105zuj\u0105c\u0105 w konkursie \u201eInnowacja jest Kobiet\u0105\u201d formu\u0142\u0119.\u00a0<\/p> <p>Inni o konkursie i wynikach:<\/p> <p><a href=\"http:\/\/naukawpolsce.pap.pl\/aktualnosci\/news,396643,polski-lek-przeciw-bolowi-neuropatycznemu-juz-niedlugo.html\" target=\"_blank\" rel=\"noopener\">Polski lek przeciw b\u00f3lowi neuropatycznemu ju\u017c nied\u0142ugo<\/a>\u00a0by PAP<\/p> <p><a href=\"http:\/\/www.cittru.uj.edu.pl\/aktualnosci\/wiadomosci\/-\/journal_content\/56_INSTANCE_DwN3\/1587933\/23754882\" target=\"_blank\" rel=\"noopener\">\"Innowacja jest kobiet\u0105\"..... z UJ<\/a>\u00a0by CITTRU<\/p> <p><a href=\"http:\/\/www.uj.edu.pl\/uniwersytet\/aktualnosci\/wiadomosci\/-\/journal_content\/56_INSTANCE_w0BB\/10172\/23966163\" target=\"_blank\" rel=\"noopener\">Wiadomo\u015bci Uniwersytetu Jagiello\u0144skiego<\/a>\u00a0by UJ<\/p> <p><a href=\"http:\/\/naukawpolsce.pap.pl\/aktualnosci\/news,396286,zdolne-badaczki-nagrodzone-w-konkursie-innowacja-jest-kobieta.html\" target=\"_blank\" rel=\"noopener\">Zdolne badaczki nagrodzone w konkursie \"Innowacja jestkobiet\u0105\"<\/a>\u00a0by PAP<\/p> <p>\u00a0<\/p>","_links":{"self":[{"href":"https:\/\/kobietynauki.org\/index.php\/wp-json\/wp\/v2\/pages\/684","targetHints":{"allow":["GET"]}}],"collection":[{"href":"https:\/\/kobietynauki.org\/index.php\/wp-json\/wp\/v2\/pages"}],"about":[{"href":"https:\/\/kobietynauki.org\/index.php\/wp-json\/wp\/v2\/types\/page"}],"author":[{"embeddable":true,"href":"https:\/\/kobietynauki.org\/index.php\/wp-json\/wp\/v2\/users\/1"}],"replies":[{"embeddable":true,"href":"https:\/\/kobietynauki.org\/index.php\/wp-json\/wp\/v2\/comments?post=684"}],"version-history":[{"count":15,"href":"https:\/\/kobietynauki.org\/index.php\/wp-json\/wp\/v2\/pages\/684\/revisions"}],"predecessor-version":[{"id":869,"href":"https:\/\/kobietynauki.org\/index.php\/wp-json\/wp\/v2\/pages\/684\/revisions\/869"}],"up":[{"embeddable":true,"href":"https:\/\/kobietynauki.org\/index.php\/wp-json\/wp\/v2\/pages\/387"}],"wp:attachment":[{"href":"https:\/\/kobietynauki.org\/index.php\/wp-json\/wp\/v2\/media?parent=684"}],"curies":[{"name":"wp","href":"https:\/\/api.w.org\/{rel}","templated":true}]}}