{"id":498,"date":"2017-11-13T01:59:15","date_gmt":"2017-11-12T23:59:15","guid":{"rendered":"https:\/\/kobietynauki.org\/szablon-copy\/"},"modified":"2025-11-06T09:20:26","modified_gmt":"2025-11-06T08:20:26","slug":"kim-jestesmy","status":"publish","type":"page","link":"https:\/\/kobietynauki.org\/index.php\/o-nas\/kim-jestesmy\/","title":{"rendered":"Kim jeste\u015bmy"},"content":{"rendered":"<!--themify_builder_content-->\n<div id=\"themify_builder_content-498\" data-postid=\"498\" class=\"themify_builder_content themify_builder_content-498 themify_builder tf_clear\">\n                    <div  data-lazy=\"1\" class=\"module_row themify_builder_row tb_5e437e6 tb_first tf_w\">\n                        <div class=\"row_inner col_align_top tb_col_count_1 tf_box tf_rel\">\n                        <div  data-lazy=\"1\" class=\"module_column tb-column col-full tb_759ae99 first\">\n                    <!-- module text -->\n<div  class=\"module module-text tb_857d7c4   \" data-lazy=\"1\">\n        <div  class=\"tb_text_wrap\">\n        <h2 style=\"text-align: center;\">Polska Sie\u0107 Kobiet Nauki<\/h2>    <\/div>\n<\/div>\n<!-- \/module text -->        <\/div>\n                        <\/div>\n        <\/div>\n                        <div  data-lazy=\"1\" class=\"module_row themify_builder_row tb_d7a0365 tf_w\">\n                        <div class=\"row_inner col_align_top tb_col_count_1 tf_box tf_rel\">\n                        <div  data-lazy=\"1\" class=\"module_column tb-column col-full tb_4bad6b7 first\">\n                    <!-- module menu -->\n<div  class=\"module module-menu tb_7a872f6  mobile-menu-slide\" data-menu-style=\"mobile-menu-slide\" data-menu-breakpoint=\"0\" data-element-id=\"tb_7a872f6\" data-lazy=\"1\">\n        \n    <div class=\"module-menu-container\"><ul id=\"menu-main\" class=\"ui tf_clearfix nav tf_rel tf_scrollbar  tb_default_color gradient\"><li id=\"menu-item-44\" class=\"menu-item-page-2 menu-item menu-item-type-post_type menu-item-object-page menu-item-home current-menu-item page_item page-item-2 current_page_item menu-item-44\"><a href=\"https:\/\/kobietynauki.org\/\" aria-current=\"page\">Polska Sie\u0107 Kobiet Nauki<\/a><\/li>\n<li id=\"menu-item-377\" class=\"menu-item-page-370 menu-item menu-item-type-post_type menu-item-object-page menu-item-377\"><a href=\"https:\/\/kobietynauki.org\/index.php\/patronaty\/\">Patronaty<\/a><\/li>\n<li id=\"menu-item-397\" class=\"menu-item-page-387 menu-item menu-item-type-post_type menu-item-object-page menu-item-has-children menu-item-397\"><a href=\"https:\/\/kobietynauki.org\/index.php\/konkursy\/\">Konkursy<span class=\"child-arrow closed\" tabindex=\"-1\"><\/span><\/a>\n<ul class=\"sub-menu\">\n\t<li id=\"menu-item-1175\" class=\"menu-item-post-1156 menu-item menu-item-type-post_type menu-item-object-post menu-item-1175 menu-post-1156-parent-397\"><a href=\"https:\/\/kobietynauki.org\/index.php\/2019\/08\/letnia-edycja-konkursu-innowacja-jest-kobieta-xi-edycja\/\">Innowacja jest kobiet\u0105 XI edycja<\/a><\/li>\n\t<li id=\"menu-item-1153\" class=\"menu-item-post-1147 menu-item menu-item-type-post_type menu-item-object-post menu-item-1153 menu-post-1147-parent-397\"><a href=\"https:\/\/kobietynauki.org\/index.php\/2019\/02\/wyniki-x-edycji-konkursu-innowacja-jest-kobieta\/\">Innowacja jest kobiet\u0105 X edycja<\/a><\/li>\n\t<li id=\"menu-item-1100\" class=\"menu-item-page-1093 menu-item menu-item-type-post_type menu-item-object-page menu-item-1100 menu-page-1093-parent-397\"><a href=\"https:\/\/kobietynauki.org\/index.php\/konkursy\/innowacja-jest-kobieta-ix-edycja\/\">Innowacja jest kobiet\u0105 IX edycja<\/a><\/li>\n\t<li id=\"menu-item-1053\" class=\"menu-item-page-1047 menu-item menu-item-type-post_type menu-item-object-page menu-item-1053 menu-page-1047-parent-397\"><a href=\"https:\/\/kobietynauki.org\/index.php\/konkursy\/innowacja-jest-kobieta-viii-edycja\/\">Innowacja jest kobiet\u0105 VIII edycja<\/a><\/li>\n\t<li id=\"menu-item-903\" class=\"menu-item-page-899 menu-item menu-item-type-post_type menu-item-object-page menu-item-903 menu-page-899-parent-397\"><a href=\"https:\/\/kobietynauki.org\/index.php\/konkursy\/innowacja-jest-kobieta-vii-edycja\/\">Innowacja jest kobiet\u0105 VII edycja<\/a><\/li>\n\t<li id=\"menu-item-591\" class=\"menu-item-page-585 menu-item menu-item-type-post_type menu-item-object-page menu-item-591 menu-page-585-parent-397\"><a href=\"https:\/\/kobietynauki.org\/index.php\/konkursy\/innowacja-jest-kobieta-vi-edycja\/\">Innowacja jest kobiet\u0105 VI edycja<\/a><\/li>\n\t<li id=\"menu-item-613\" class=\"menu-item-page-605 menu-item menu-item-type-post_type menu-item-object-page menu-item-613 menu-page-605-parent-397\"><a href=\"https:\/\/kobietynauki.org\/index.php\/konkursy\/innowacja-jest-kobieta-v-edycja\/\">Innowacja jest kobiet\u0105 V edycja<\/a><\/li>\n\t<li id=\"menu-item-638\" class=\"menu-item-page-628 menu-item menu-item-type-post_type menu-item-object-page menu-item-638 menu-page-628-parent-397\"><a href=\"https:\/\/kobietynauki.org\/index.php\/konkursy\/innowacja-jest-kobieta-iv-edycja\/\">Innowacja jest kobiet\u0105 IV edycja<\/a><\/li>\n\t<li id=\"menu-item-679\" class=\"menu-item-page-671 menu-item menu-item-type-post_type menu-item-object-page menu-item-679 menu-page-671-parent-397\"><a href=\"https:\/\/kobietynauki.org\/index.php\/konkursy\/innowacja-jest-kobieta-iii-edycja\/\">Innowacja jest kobiet\u0105 III edycja<\/a><\/li>\n\t<li id=\"menu-item-691\" class=\"menu-item-page-684 menu-item menu-item-type-post_type menu-item-object-page menu-item-691 menu-page-684-parent-397\"><a href=\"https:\/\/kobietynauki.org\/index.php\/konkursy\/innowacja-jest-kobieta-ii-edycja\/\">Innowacja jest kobiet\u0105 II edycja<\/a><\/li>\n\t<li id=\"menu-item-709\" class=\"menu-item-page-699 menu-item menu-item-type-post_type menu-item-object-page menu-item-709 menu-page-699-parent-397\"><a href=\"https:\/\/kobietynauki.org\/index.php\/konkursy\/innowacja-jest-kobieta-i-edycja\/\">Innowacja jest kobiet\u0105 I edycja<\/a><\/li>\n<\/ul>\n<\/li>\n<li id=\"menu-item-419\" class=\"menu-item-page-409 menu-item menu-item-type-post_type menu-item-object-page menu-item-419\"><a href=\"https:\/\/kobietynauki.org\/index.php\/nasi-partnerzy\/\">Nasi Partnerzy<\/a><\/li>\n<li id=\"menu-item-430\" class=\"menu-item-page-421 menu-item menu-item-type-post_type menu-item-object-page menu-item-430\"><a href=\"https:\/\/kobietynauki.org\/index.php\/czytelnia\/\">Czytelnia<\/a><\/li>\n<li id=\"menu-item-470\" class=\"menu-item-page-455 menu-item menu-item-type-post_type menu-item-object-page menu-item-470\"><a href=\"https:\/\/kobietynauki.org\/index.php\/kobiety-ekspertki\/\">Kobiety-Ekspertki<\/a><\/li>\n<li id=\"menu-item-481\" class=\"menu-item-page-472 menu-item menu-item-type-post_type menu-item-object-page menu-item-has-children menu-item-481\"><a href=\"https:\/\/kobietynauki.org\/index.php\/o-nas\/\">O nas<span class=\"child-arrow closed\" tabindex=\"-1\"><\/span><\/a>\n<ul class=\"sub-menu\">\n\t<li id=\"menu-item-494\" class=\"menu-item-page-483 menu-item menu-item-type-post_type menu-item-object-page menu-item-494 menu-page-483-parent-481\"><a href=\"https:\/\/kobietynauki.org\/index.php\/o-nas\/fundacja\/\">Fundacja<\/a><\/li>\n\t<li id=\"menu-item-511\" class=\"menu-item-page-498 menu-item menu-item-type-post_type menu-item-object-page menu-item-511 menu-page-498-parent-481\"><a href=\"https:\/\/kobietynauki.org\/index.php\/o-nas\/kim-jestesmy\/\">Kim jeste\u015bmy<\/a><\/li>\n\t<li id=\"menu-item-527\" class=\"menu-item-page-521 menu-item menu-item-type-post_type menu-item-object-page menu-item-527 menu-page-521-parent-481\"><a href=\"https:\/\/kobietynauki.org\/index.php\/o-nas\/wspieraja-nas\/\">Wspieraj\u0105 nas<\/a><\/li>\n\t<li id=\"menu-item-1012\" class=\"menu-item-page-1007 menu-item menu-item-type-post_type menu-item-object-page menu-item-1012 menu-page-1007-parent-481\"><a href=\"https:\/\/kobietynauki.org\/index.php\/o-nas\/polityka-prywatnosci\/\">Polityka prywatno\u015bci<\/a><\/li>\n\t<li id=\"menu-item-551\" class=\"menu-item-page-533 menu-item menu-item-type-post_type menu-item-object-page menu-item-551 menu-page-533-parent-481\"><a href=\"https:\/\/kobietynauki.org\/index.php\/o-nas\/kontakt\/\">Kontakt<\/a><\/li>\n<\/ul>\n<\/li>\n<\/ul><\/div>        <style>\n            .mobile-menu-module[data-module=\"tb_7a872f6\"]{\n                right:-300px            }\n        <\/style>\n    <\/div>\n<!-- \/module menu -->\n        <\/div>\n                        <\/div>\n        <\/div>\n                        <div  data-lazy=\"1\" class=\"module_row themify_builder_row tb_6966f9c tf_w\">\n                        <div class=\"row_inner col_align_top tb_col_count_1 tf_box tf_rel\">\n                        <div  data-lazy=\"1\" class=\"module_column tb-column col-full tb_d574c5c first\">\n                    <!-- module text -->\n<div  class=\"module module-text tb_e938788   \" data-lazy=\"1\">\n        <div  class=\"tb_text_wrap\">\n        <h1>Kim jeste\u015bmy<\/h1>\n<table>\n<tbody>\n<tr>\n<td class=\"o-nas\">Marta du Vall &#8211; prezeska Zarz\u0105du Fundacji<\/td>\n<td class=\"o-nas\">Marta du Vall, naukowczyni, profesorka uczelni, doktora habilitowana w dziedzinie nauk spo\u0142ecznych, do\u015bwiadczona badaczka, liderka akademicka. Prezeska zarz\u0105du Fundacji \u201eKobiety Nauki &#8211; Polska Sie\u0107 Kobiet Nauki\u201d. Certyfikowana Project Manager (IPMA-D) z blisko 15-letni\u0105 praktyk\u0105 w zarz\u0105dzaniu strategicznym, wdra\u017caniu innowacji spo\u0142ecznych, promocji nauki oraz budowaniu relacji z interesariuszami. Specjalizuje si\u0119 w \u0142\u0105czeniu rygoru naukowego z pragmatyk\u0105 zarz\u0105dzania. mduvall@kobietynauki.org<\/td>\n<\/tr>\n<tr>\n<td class=\"o-nas\">Justyna Wojniak &#8211; cz\u0142onkini Zarz\u0105du, rzeczniczka prasowa Fundacji<\/td>\n<td class=\"o-nas\">Politolo\u017cka, administratywistka, doktor nauk humanistycznych. Kobieta niezale\u017cna i samorz\u0105dna. Entuzjastka sztuki modernizmu i skandynawskich krymina\u0142\u00f3w. Jej pasje to podr\u00f3\u017ce i prace w ogr\u00f3dku. jwojniak@kobietynauki.org<\/td>\n<\/tr>\n<tr>\n<td class=\"o-nas\">Marta Majorek &#8211; wiceprezeska Zarz\u0105du Fundacji<\/td>\n<td class=\"o-nas\">Fundatorka Polskiej Sieci Kobiet Nauki. Politolo\u017cka, medioznawczyni, administratywistka, doktor habilitowany nauk spo\u0142ecznych w zakresie nauk o polityce, muzyk instrumentalista. Interesuje j\u0105 anglosask\u0105 filozofi\u0105 prawa i polityki. Uwielbia podr\u00f3\u017ce, literatur\u0119 i film SF oraz muzyk\u0119 (zw\u0142aszcza filmow\u0105, elektroniczn\u0105 i organow\u0105). Jest fank\u0105 aut, lecz ponad mi\u0142o\u015b\u0107 do czterech k\u00f3\u0142ek przedk\u0142ada rower, gdy tylko pogoda na to pozwala. mmajorek@kobietynauki.org<\/td>\n<\/tr>\n<tr>\n<td class=\"o-nas\">Anna Fr\u0105tczak\u2013 przewodnicz\u0105ca Rady Fundacji<\/td>\n<td class=\"o-nas\">Medioznawczyni i etyczka, doktor nauk humanistycznych w zakresie filozofii. Kierowniczka O\u015brodka Bada\u0144 nad Wielokulturowo\u015bci\u0105, Mniejszo\u015bciami i Wykluczeniem, redaktor naczelna p\u00f3\u0142rocznika \u201eAequalitas\u201d i prodziekan Wydzia\u0142u Psychologii i Nauk Humanistycznych Krakowskiej Akademii. Beznadziejnie uzale\u017cniona od ksi\u0105\u017cek, kuchni i kurtoszkalacza. Serce zostawi\u0142a w Beskidzie Niskim.<\/td>\n<\/tr>\n<tr>\n<td class=\"o-nas\">Magdalena Oleszkowicz \u2013 wolontariuszka<\/td>\n<td class=\"o-nas\">Politolo\u017cka, doktorantka na Wydziale Prawa, Administracji i Stosunk\u00f3w Mi\u0119dzynarodowych Krakowskiej Akademii. Zainteresowania badawcze: media publiczne w Polsce i na \u015bwiecie. Od 2009 roku zwi\u0105zana ze Studiem Telewizyjnym \u201eU Frycza\u201d, gdzie jako dziennikarka i kierowniczka redakcji informacji realizuje programy dla Krakowskiej Telewizji Internetowej. Film dokumentalny, dobry reporta\u017c i g\u00f3rskie w\u0119dr\u00f3wki towarzysz\u0105 jej w wolnych chwilach.<\/td>\n<\/tr>\n<tr>\n<td class=\"o-nas\">Joanna Plata &#8211; wolontariuszka<\/td>\n<td class=\"o-nas\">Absolwentka politologii i komunikacji spo\u0142ecznej. Autorka pracy licencjackiej podejmuj\u0105cej problem wsp\u00f3\u0142czesnej kultury queer, za kt\u00f3r\u0105 zdoby\u0142a wyr\u00f3\u017cnienie w konkursie na najlepsz\u0105 prac\u0119 dyplomow\u0105 2010 organizowanym przez Krakowsk\u0105 Akademi\u0119. Autorka pracy magisterskiej dotycz\u0105cej nacjonalizmu irlandzkiego i jego powi\u0105za\u0144 z ekonomiczn\u0105, polityczn\u0105 i spo\u0142eczn\u0105 sytuacj\u0105 kobiet w Irlandii. Obecnie doktorantka i dziennikarka Studia Telewizyjnego &#8222;u Frycza&#8221; (ktvi.pl), gdzie tworz\u0105c dzia\u0142 redakcyjny \u201eKultura\u201d wy\u0142apuje najciekawsze rzeczy zwi\u0105zane z \u017cyciem kulturalnym Krakowa. jplata.krakow@gmail.com<\/td>\n<\/tr>\n<tr>\n<td class=\"o-nas\">Agnieszka Mielczarek &#8211; wsp\u00f3\u0142pracowniczka Fundacji<\/td>\n<td class=\"o-nas\">Absolwentka filozofii. Zawodowo zajmuje si\u0119 jako\u015bci\u0105 kszta\u0142cenia i wdra\u017caniem procesu bolo\u0144skiego. Zainteresowania: j\u0119zykoznawstwo, filozofia j\u0119zyka, filozofia matematyki, a ostatnio proces grupowy i j\u0119zyk migowy. Entuzjastka uczenia przez Internet i nowych technologii. Trener, zwolenniczka metody projekt\u00f3w i metody warsztatowej jako form prowadzenia zaj\u0119\u0107. Muzyk instrumentalista (w skromnym wymiarze szko\u0142y muzycznej II stopnia) darz\u0105ca nies\u0142abn\u0105cym uwielbieniem Karola Szymanowskiego, Witolda Lutos\u0142awskiego i Gra\u017cyn\u0119 Bacewicz. Niepoprawna wielbicielka kot\u00f3w, technik weterynarii in spe. Pasjonatka ksi\u0105\u017cek, polskich g\u00f3r i podr\u00f3\u017cy.<\/td>\n<\/tr>\n<tr>\n<td class=\"o-nas\">Kinga Bania &#8211; wsp\u00f3\u0142pracowniczka Fundacji<\/td>\n<td class=\"o-nas\">Absolwentka politologii Uniwersytetu Jagiello\u0144skiego w Krakowie. Autorka pracy magisterskiej \u201ePartycypacja polityczna kobiet w wyborach parlamentarnych w Polsce w latach 2005-2011\u201d. Zainteresowania badawcze: miejsce i rola kobiet w \u017cyciu spo\u0142ecznym i politycznym, emancypacja polityczna kobiet, determinanty i bariery partycypacji politycznej kobiet, polskie uwarunkowania spo\u0142eczne i polityczne kreuj\u0105ce reprezentacj\u0119 kobiet w organach w\u0142adzy, jak r\u00f3wnie\u017c ewolucja uczestnictwa kobiet w \u017cyciu spo\u0142ecznopolitycznym w miastach i ma\u0142ych wioskach. W wolnym czasie: latem prym wiedzie jazda na rowerze, jesieni\u0105 film dokumentalny i dobra ksi\u0105\u017cka.<\/td>\n<\/tr>\n<tr>\n<td class=\"o-nas\">Piotr Czerski &#8211; wsp\u00f3\u0142pracownik Fundacji<\/td>\n<td class=\"o-nas\">Absolwent informatyki Uniwersytetu Ekonomicznego w Krakowie i zarz\u0105dzania (MBA) Oxford Brookes University. Zawodowo zajmuje si\u0119 zarz\u0105dzaniem zespo\u0142ami realizuj\u0105cymi projekty IT. Jest ekspertem Fundacji w dziedzinie innowacji i nowych technologii.<\/td>\n<\/tr>\n<\/tbody>\n<\/table>    <\/div>\n<\/div>\n<!-- \/module text -->        <\/div>\n                        <\/div>\n        <\/div>\n        <\/div>\n<!--\/themify_builder_content-->","protected":false},"excerpt":{"rendered":"<p>Polska Sie\u0107 Kobiet Nauki<\/p>\n","protected":false},"author":1,"featured_media":0,"parent":472,"menu_order":0,"comment_status":"closed","ping_status":"closed","template":"","meta":{"footnotes":""},"class_list":["post-498","page","type-page","status-publish","hentry","has-post-title","has-post-date","has-post-category","has-post-tag","has-post-comment","has-post-author",""],"builder_content":"<h2 style=\"text-align: center;\">Polska Sie\u0107 Kobiet Nauki<\/h2>\n<ul id=\"menu-main\"><li id=\"menu-item-44\"><a href=\"https:\/\/kobietynauki.org\/\" aria-current=\"page\">Polska Sie\u0107 Kobiet Nauki<\/a><\/li> <li id=\"menu-item-377\"><a href=\"https:\/\/kobietynauki.org\/index.php\/patronaty\/\">Patronaty<\/a><\/li> <li id=\"menu-item-397\"><a href=\"https:\/\/kobietynauki.org\/index.php\/konkursy\/\">Konkursy<\/a> <ul> <li id=\"menu-item-1175\"><a href=\"https:\/\/kobietynauki.org\/index.php\/2019\/08\/letnia-edycja-konkursu-innowacja-jest-kobieta-xi-edycja\/\">Innowacja jest kobiet\u0105 XI edycja<\/a><\/li> <li id=\"menu-item-1153\"><a href=\"https:\/\/kobietynauki.org\/index.php\/2019\/02\/wyniki-x-edycji-konkursu-innowacja-jest-kobieta\/\">Innowacja jest kobiet\u0105 X edycja<\/a><\/li> <li id=\"menu-item-1100\"><a href=\"https:\/\/kobietynauki.org\/index.php\/konkursy\/innowacja-jest-kobieta-ix-edycja\/\">Innowacja jest kobiet\u0105 IX edycja<\/a><\/li> <li id=\"menu-item-1053\"><a href=\"https:\/\/kobietynauki.org\/index.php\/konkursy\/innowacja-jest-kobieta-viii-edycja\/\">Innowacja jest kobiet\u0105 VIII edycja<\/a><\/li> <li id=\"menu-item-903\"><a href=\"https:\/\/kobietynauki.org\/index.php\/konkursy\/innowacja-jest-kobieta-vii-edycja\/\">Innowacja jest kobiet\u0105 VII edycja<\/a><\/li> <li id=\"menu-item-591\"><a href=\"https:\/\/kobietynauki.org\/index.php\/konkursy\/innowacja-jest-kobieta-vi-edycja\/\">Innowacja jest kobiet\u0105 VI edycja<\/a><\/li> <li id=\"menu-item-613\"><a href=\"https:\/\/kobietynauki.org\/index.php\/konkursy\/innowacja-jest-kobieta-v-edycja\/\">Innowacja jest kobiet\u0105 V edycja<\/a><\/li> <li id=\"menu-item-638\"><a href=\"https:\/\/kobietynauki.org\/index.php\/konkursy\/innowacja-jest-kobieta-iv-edycja\/\">Innowacja jest kobiet\u0105 IV edycja<\/a><\/li> <li id=\"menu-item-679\"><a href=\"https:\/\/kobietynauki.org\/index.php\/konkursy\/innowacja-jest-kobieta-iii-edycja\/\">Innowacja jest kobiet\u0105 III edycja<\/a><\/li> <li id=\"menu-item-691\"><a href=\"https:\/\/kobietynauki.org\/index.php\/konkursy\/innowacja-jest-kobieta-ii-edycja\/\">Innowacja jest kobiet\u0105 II edycja<\/a><\/li> <li id=\"menu-item-709\"><a href=\"https:\/\/kobietynauki.org\/index.php\/konkursy\/innowacja-jest-kobieta-i-edycja\/\">Innowacja jest kobiet\u0105 I edycja<\/a><\/li> <\/ul> <\/li> <li id=\"menu-item-419\"><a href=\"https:\/\/kobietynauki.org\/index.php\/nasi-partnerzy\/\">Nasi Partnerzy<\/a><\/li> <li id=\"menu-item-430\"><a href=\"https:\/\/kobietynauki.org\/index.php\/czytelnia\/\">Czytelnia<\/a><\/li> <li id=\"menu-item-470\"><a href=\"https:\/\/kobietynauki.org\/index.php\/kobiety-ekspertki\/\">Kobiety-Ekspertki<\/a><\/li> <li id=\"menu-item-481\"><a href=\"https:\/\/kobietynauki.org\/index.php\/o-nas\/\">O nas<\/a> <ul> <li id=\"menu-item-494\"><a href=\"https:\/\/kobietynauki.org\/index.php\/o-nas\/fundacja\/\">Fundacja<\/a><\/li> <li id=\"menu-item-511\"><a href=\"https:\/\/kobietynauki.org\/index.php\/o-nas\/kim-jestesmy\/\">Kim jeste\u015bmy<\/a><\/li> <li id=\"menu-item-527\"><a href=\"https:\/\/kobietynauki.org\/index.php\/o-nas\/wspieraja-nas\/\">Wspieraj\u0105 nas<\/a><\/li> <li id=\"menu-item-1012\"><a href=\"https:\/\/kobietynauki.org\/index.php\/o-nas\/polityka-prywatnosci\/\">Polityka prywatno\u015bci<\/a><\/li> <li id=\"menu-item-551\"><a href=\"https:\/\/kobietynauki.org\/index.php\/o-nas\/kontakt\/\">Kontakt<\/a><\/li> <\/ul> <\/li> <\/ul>\n<h1>Kim jeste\u015bmy<\/h1> <table> <tbody> <tr> <td>Marta du Vall - prezeska Zarz\u0105du Fundacji<\/td> <td>Marta du Vall, naukowczyni, profesorka uczelni, doktora habilitowana w dziedzinie nauk spo\u0142ecznych, do\u015bwiadczona badaczka, liderka akademicka. Prezeska zarz\u0105du Fundacji \u201eKobiety Nauki - Polska Sie\u0107 Kobiet Nauki\u201d. Certyfikowana Project Manager (IPMA-D) z blisko 15-letni\u0105 praktyk\u0105 w zarz\u0105dzaniu strategicznym, wdra\u017caniu innowacji spo\u0142ecznych, promocji nauki oraz budowaniu relacji z interesariuszami. Specjalizuje si\u0119 w \u0142\u0105czeniu rygoru naukowego z pragmatyk\u0105 zarz\u0105dzania. mduvall@kobietynauki.org<\/td> <\/tr> <tr> <td>Justyna Wojniak - cz\u0142onkini Zarz\u0105du, rzeczniczka prasowa Fundacji<\/td> <td>Politolo\u017cka, administratywistka, doktor nauk humanistycznych. Kobieta niezale\u017cna i samorz\u0105dna. Entuzjastka sztuki modernizmu i skandynawskich krymina\u0142\u00f3w. Jej pasje to podr\u00f3\u017ce i prace w ogr\u00f3dku. jwojniak@kobietynauki.org<\/td> <\/tr> <tr> <td>Marta Majorek - wiceprezeska Zarz\u0105du Fundacji<\/td> <td>Fundatorka Polskiej Sieci Kobiet Nauki. Politolo\u017cka, medioznawczyni, administratywistka, doktor habilitowany nauk spo\u0142ecznych w zakresie nauk o polityce, muzyk instrumentalista. Interesuje j\u0105 anglosask\u0105 filozofi\u0105 prawa i polityki. Uwielbia podr\u00f3\u017ce, literatur\u0119 i film SF oraz muzyk\u0119 (zw\u0142aszcza filmow\u0105, elektroniczn\u0105 i organow\u0105). Jest fank\u0105 aut, lecz ponad mi\u0142o\u015b\u0107 do czterech k\u00f3\u0142ek przedk\u0142ada rower, gdy tylko pogoda na to pozwala. mmajorek@kobietynauki.org<\/td> <\/tr> <tr> <td>Anna Fr\u0105tczak\u2013 przewodnicz\u0105ca Rady Fundacji<\/td> <td>Medioznawczyni i etyczka, doktor nauk humanistycznych w zakresie filozofii. Kierowniczka O\u015brodka Bada\u0144 nad Wielokulturowo\u015bci\u0105, Mniejszo\u015bciami i Wykluczeniem, redaktor naczelna p\u00f3\u0142rocznika \u201eAequalitas\u201d i prodziekan Wydzia\u0142u Psychologii i Nauk Humanistycznych Krakowskiej Akademii. Beznadziejnie uzale\u017cniona od ksi\u0105\u017cek, kuchni i kurtoszkalacza. Serce zostawi\u0142a w Beskidzie Niskim.<\/td> <\/tr> <tr> <td>Magdalena Oleszkowicz \u2013 wolontariuszka<\/td> <td>Politolo\u017cka, doktorantka na Wydziale Prawa, Administracji i Stosunk\u00f3w Mi\u0119dzynarodowych Krakowskiej Akademii. Zainteresowania badawcze: media publiczne w Polsce i na \u015bwiecie. Od 2009 roku zwi\u0105zana ze Studiem Telewizyjnym \u201eU Frycza\u201d, gdzie jako dziennikarka i kierowniczka redakcji informacji realizuje programy dla Krakowskiej Telewizji Internetowej. Film dokumentalny, dobry reporta\u017c i g\u00f3rskie w\u0119dr\u00f3wki towarzysz\u0105 jej w wolnych chwilach.<\/td> <\/tr> <tr> <td>Joanna Plata - wolontariuszka<\/td> <td>Absolwentka politologii i komunikacji spo\u0142ecznej. Autorka pracy licencjackiej podejmuj\u0105cej problem wsp\u00f3\u0142czesnej kultury queer, za kt\u00f3r\u0105 zdoby\u0142a wyr\u00f3\u017cnienie w konkursie na najlepsz\u0105 prac\u0119 dyplomow\u0105 2010 organizowanym przez Krakowsk\u0105 Akademi\u0119. Autorka pracy magisterskiej dotycz\u0105cej nacjonalizmu irlandzkiego i jego powi\u0105za\u0144 z ekonomiczn\u0105, polityczn\u0105 i spo\u0142eczn\u0105 sytuacj\u0105 kobiet w Irlandii. Obecnie doktorantka i dziennikarka Studia Telewizyjnego \"u Frycza\" (ktvi.pl), gdzie tworz\u0105c dzia\u0142 redakcyjny \u201eKultura\u201d wy\u0142apuje najciekawsze rzeczy zwi\u0105zane z \u017cyciem kulturalnym Krakowa. jplata.krakow@gmail.com<\/td> <\/tr> <tr> <td>Agnieszka Mielczarek - wsp\u00f3\u0142pracowniczka Fundacji<\/td> <td>Absolwentka filozofii. Zawodowo zajmuje si\u0119 jako\u015bci\u0105 kszta\u0142cenia i wdra\u017caniem procesu bolo\u0144skiego. Zainteresowania: j\u0119zykoznawstwo, filozofia j\u0119zyka, filozofia matematyki, a ostatnio proces grupowy i j\u0119zyk migowy. Entuzjastka uczenia przez Internet i nowych technologii. Trener, zwolenniczka metody projekt\u00f3w i metody warsztatowej jako form prowadzenia zaj\u0119\u0107. Muzyk instrumentalista (w skromnym wymiarze szko\u0142y muzycznej II stopnia) darz\u0105ca nies\u0142abn\u0105cym uwielbieniem Karola Szymanowskiego, Witolda Lutos\u0142awskiego i Gra\u017cyn\u0119 Bacewicz. Niepoprawna wielbicielka kot\u00f3w, technik weterynarii in spe. Pasjonatka ksi\u0105\u017cek, polskich g\u00f3r i podr\u00f3\u017cy.<\/td> <\/tr> <tr> <td>Kinga Bania - wsp\u00f3\u0142pracowniczka Fundacji<\/td> <td>Absolwentka politologii Uniwersytetu Jagiello\u0144skiego w Krakowie. Autorka pracy magisterskiej \u201ePartycypacja polityczna kobiet w wyborach parlamentarnych w Polsce w latach 2005-2011\u201d. Zainteresowania badawcze: miejsce i rola kobiet w \u017cyciu spo\u0142ecznym i politycznym, emancypacja polityczna kobiet, determinanty i bariery partycypacji politycznej kobiet, polskie uwarunkowania spo\u0142eczne i polityczne kreuj\u0105ce reprezentacj\u0119 kobiet w organach w\u0142adzy, jak r\u00f3wnie\u017c ewolucja uczestnictwa kobiet w \u017cyciu spo\u0142ecznopolitycznym w miastach i ma\u0142ych wioskach. W wolnym czasie: latem prym wiedzie jazda na rowerze, jesieni\u0105 film dokumentalny i dobra ksi\u0105\u017cka.<\/td> <\/tr> <tr> <td>Piotr Czerski - wsp\u00f3\u0142pracownik Fundacji<\/td> <td>Absolwent informatyki Uniwersytetu Ekonomicznego w Krakowie i zarz\u0105dzania (MBA) Oxford Brookes University. Zawodowo zajmuje si\u0119 zarz\u0105dzaniem zespo\u0142ami realizuj\u0105cymi projekty IT. Jest ekspertem Fundacji w dziedzinie innowacji i nowych technologii.<\/td> <\/tr> <\/tbody> <\/table>","_links":{"self":[{"href":"https:\/\/kobietynauki.org\/index.php\/wp-json\/wp\/v2\/pages\/498","targetHints":{"allow":["GET"]}}],"collection":[{"href":"https:\/\/kobietynauki.org\/index.php\/wp-json\/wp\/v2\/pages"}],"about":[{"href":"https:\/\/kobietynauki.org\/index.php\/wp-json\/wp\/v2\/types\/page"}],"author":[{"embeddable":true,"href":"https:\/\/kobietynauki.org\/index.php\/wp-json\/wp\/v2\/users\/1"}],"replies":[{"embeddable":true,"href":"https:\/\/kobietynauki.org\/index.php\/wp-json\/wp\/v2\/comments?post=498"}],"version-history":[{"count":47,"href":"https:\/\/kobietynauki.org\/index.php\/wp-json\/wp\/v2\/pages\/498\/revisions"}],"predecessor-version":[{"id":1863,"href":"https:\/\/kobietynauki.org\/index.php\/wp-json\/wp\/v2\/pages\/498\/revisions\/1863"}],"up":[{"embeddable":true,"href":"https:\/\/kobietynauki.org\/index.php\/wp-json\/wp\/v2\/pages\/472"}],"wp:attachment":[{"href":"https:\/\/kobietynauki.org\/index.php\/wp-json\/wp\/v2\/media?parent=498"}],"curies":[{"name":"wp","href":"https:\/\/api.w.org\/{rel}","templated":true}]}}